{"id":74,"date":"2024-07-03T19:56:35","date_gmt":"2024-07-03T19:56:35","guid":{"rendered":"https:\/\/adapciak.paneuropa.com.pl\/?page_id=74"},"modified":"2025-07-07T05:26:38","modified_gmt":"2025-07-07T05:26:38","slug":"dlaczego-warto","status":"publish","type":"page","link":"https:\/\/adapciak.paneuropa.com.pl\/?page_id=74","title":{"rendered":"Dlaczego warto?"},"content":{"rendered":"\t\t<div data-elementor-type=\"wp-page\" data-elementor-id=\"74\" class=\"elementor elementor-74\">\n\t\t\t\t<div class=\"elementor-element elementor-element-a36922e e-flex e-con-boxed e-con e-parent\" data-id=\"a36922e\" data-element_type=\"container\" data-e-type=\"container\">\n\t\t\t\t\t<div class=\"e-con-inner\">\n\t\t\t\t<div class=\"elementor-element elementor-element-250fdf7 elementor-widget elementor-widget-heading\" data-id=\"250fdf7\" data-element_type=\"widget\" data-e-type=\"widget\" data-widget_type=\"heading.default\">\n\t\t\t\t<div class=\"elementor-widget-container\">\n\t\t\t\t\t<h2 class=\"elementor-heading-title elementor-size-default\">Dlaczego warto?<\/h2>\t\t\t\t<\/div>\n\t\t\t\t<\/div>\n\t\t\t\t\t<\/div>\n\t\t\t\t<\/div>\n\t\t<div class=\"elementor-element elementor-element-7ad82ee e-flex e-con-boxed e-con e-parent\" data-id=\"7ad82ee\" data-element_type=\"container\" data-e-type=\"container\">\n\t\t\t\t\t<div class=\"e-con-inner\">\n\t\t\t\t<div class=\"elementor-element elementor-element-e0b8727 elementor-widget elementor-widget-image\" data-id=\"e0b8727\" data-element_type=\"widget\" data-e-type=\"widget\" data-widget_type=\"image.default\">\n\t\t\t\t<div class=\"elementor-widget-container\">\n\t\t\t\t\t\t\t\t\t\t\t\t\t\t\t<img decoding=\"async\" width=\"150\" height=\"150\" src=\"https:\/\/adapciak.paneuropa.com.pl\/wp-content\/uploads\/2025\/07\/Projekt_bez_nazwy__1_-removebg-preview-150x150.png\" class=\"attachment-thumbnail size-thumbnail wp-image-782\" alt=\"\" srcset=\"https:\/\/adapciak.paneuropa.com.pl\/wp-content\/uploads\/2025\/07\/Projekt_bez_nazwy__1_-removebg-preview-150x150.png 150w, https:\/\/adapciak.paneuropa.com.pl\/wp-content\/uploads\/2025\/07\/Projekt_bez_nazwy__1_-removebg-preview-300x300.png 300w, https:\/\/adapciak.paneuropa.com.pl\/wp-content\/uploads\/2025\/07\/Projekt_bez_nazwy__1_-removebg-preview.png 500w\" sizes=\"(max-width: 150px) 100vw, 150px\" \/>\t\t\t\t\t\t\t\t\t\t\t\t\t\t\t<\/div>\n\t\t\t\t<\/div>\n\t\t\t\t\t<\/div>\n\t\t\t\t<\/div>\n\t\t<div class=\"elementor-element elementor-element-a916fd0 e-flex e-con-boxed e-con e-parent\" data-id=\"a916fd0\" data-element_type=\"container\" data-e-type=\"container\">\n\t\t\t\t\t<div class=\"e-con-inner\">\n\t\t\t\t<div class=\"elementor-element elementor-element-f7c973d elementor-widget elementor-widget-text-editor\" data-id=\"f7c973d\" data-element_type=\"widget\" data-e-type=\"widget\" data-widget_type=\"text-editor.default\">\n\t\t\t\t<div class=\"elementor-widget-container\">\n\t\t\t\t\t\t\t\t\t<p><span style=\"font-weight: 400;\">Wyprawa Adapciak to wyj\u0105tkowa przygoda, kt\u00f3ra oferuje znacznie wi\u0119cej ni\u017c tylko rozrywk\u0119. Oto dlaczego warto wzi\u0105\u0107 w niej udzia\u0142:<\/span><\/p>\t\t\t\t\t\t\t\t<\/div>\n\t\t\t\t<\/div>\n\t\t\t\t\t<\/div>\n\t\t\t\t<\/div>\n\t\t<div class=\"elementor-element elementor-element-b9acf75 e-con-full e-flex e-con e-parent\" data-id=\"b9acf75\" data-element_type=\"container\" data-e-type=\"container\">\n\t\t<div class=\"elementor-element elementor-element-d8f93de e-con-full elementor-hidden-mobile e-flex e-con e-child\" data-id=\"d8f93de\" data-element_type=\"container\" data-e-type=\"container\">\n\t\t\t\t<\/div>\n\t\t<div class=\"elementor-element elementor-element-929b17e e-con-full e-flex e-con e-child\" data-id=\"929b17e\" data-element_type=\"container\" data-e-type=\"container\">\n\t\t\t\t<div class=\"elementor-element elementor-element-ceb33eb elementor-widget__width-auto elementor-widget elementor-widget-text-editor\" data-id=\"ceb33eb\" data-element_type=\"widget\" data-e-type=\"widget\" data-widget_type=\"text-editor.default\">\n\t\t\t\t<div class=\"elementor-widget-container\">\n\t\t\t\t\t\t\t\t\t<ul><li style=\"font-weight: 400;\" aria-level=\"1\"><b>Integracja<\/b><span style=\"font-weight: 400;\">: Poznasz przysz\u0142ych koleg\u00f3w i kole\u017canki, co u\u0142atwi start na Uczelni, sprawi, \u017ce poczujesz si\u0119 pewniej w nowym \u015brodowisku, oraz szybciej zrozumiesz, jak funkcjonuj\u0105 studia od pierwszego dnia.<\/span><\/li><li style=\"font-weight: 400;\" aria-level=\"1\"><b>Rozw\u00f3j osobisty<\/b><span style=\"font-weight: 400;\">: Warsztaty i szkolenia przygotuj\u0105 Ci\u0119 na wyzwania akademickie, rozwijaj\u0105c Twoje umiej\u0119tno\u015bci.<\/span><\/li><li style=\"font-weight: 400;\" aria-level=\"1\"><b>Zabawa<\/b><span style=\"font-weight: 400;\">: Wieczorne imprezy i gry terenowe zapewni\u0105 mn\u00f3stwo rado\u015bci i niezapomnianych wspomnie\u0144.<\/span><\/li><li style=\"font-weight: 400;\" aria-level=\"1\"><b>Pewno\u015b\u0107 siebie<\/b><span style=\"font-weight: 400;\">: Wsp\u00f3lne prze\u017cycia i poznanie nowych os\u00f3b sprawi\u0105, \u017ce poczujesz si\u0119 pewniej i lepiej przygotowany do \u017cycia studenckiego.<\/span><\/li><li style=\"font-weight: 400;\" aria-level=\"1\"><b>Unikalne do\u015bwiadczenie<\/b><span style=\"font-weight: 400;\">: Adapciak to jedyna w swoim rodzaju okazja, by rozpocz\u0105\u0107 studia w spos\u00f3b pe\u0142en przyg\u00f3d i emocji.<\/span><\/li><\/ul>\t\t\t\t\t\t\t\t<\/div>\n\t\t\t\t<\/div>\n\t\t\t\t<\/div>\n\t\t\t\t<\/div>\n\t\t<div class=\"elementor-element elementor-element-6a9921c e-flex e-con-boxed e-con e-parent\" data-id=\"6a9921c\" data-element_type=\"container\" data-e-type=\"container\">\n\t\t\t\t\t<div class=\"e-con-inner\">\n\t\t\t\t<div class=\"elementor-element elementor-element-603e179 elementor-widget elementor-widget-text-editor\" data-id=\"603e179\" data-element_type=\"widget\" data-e-type=\"widget\" data-widget_type=\"text-editor.default\">\n\t\t\t\t<div class=\"elementor-widget-container\">\n\t\t\t\t\t\t\t\t\t<p><span style=\"font-weight: 400;\">Do\u0142\u0105cz do Nas i wkrocz w akademick\u0105 podr\u00f3\u017c z entuzjazmem, gotowo\u015bci\u0105 na nowe wyzwania i w towarzystwie przyjaci\u00f3\u0142, kt\u00f3rzy b\u0119d\u0105 Ci\u0119 wspiera\u0107 przez ca\u0142y czas studi\u00f3w.<\/span><\/p>\t\t\t\t\t\t\t\t<\/div>\n\t\t\t\t<\/div>\n\t\t\t\t\t<\/div>\n\t\t\t\t<\/div>\n\t\t<div class=\"elementor-element elementor-element-955130a e-con-full elementor-hidden-desktop elementor-hidden-tablet e-flex e-con e-parent\" data-id=\"955130a\" data-element_type=\"container\" data-e-type=\"container\">\n\t\t\t\t<div class=\"elementor-element elementor-element-aea10e7 elementor-hidden-desktop elementor-hidden-tablet elementor-widget elementor-widget-image\" data-id=\"aea10e7\" data-element_type=\"widget\" data-e-type=\"widget\" data-widget_type=\"image.default\">\n\t\t\t\t<div class=\"elementor-widget-container\">\n\t\t\t\t\t\t\t\t\t\t\t\t\t\t\t<img fetchpriority=\"high\" decoding=\"async\" width=\"1024\" height=\"530\" src=\"https:\/\/adapciak.paneuropa.com.pl\/wp-content\/uploads\/2024\/07\/Projekt-bez-nazwy-10-1-1024x530.png\" class=\"attachment-large size-large wp-image-399\" alt=\"\" srcset=\"https:\/\/adapciak.paneuropa.com.pl\/wp-content\/uploads\/2024\/07\/Projekt-bez-nazwy-10-1-1024x530.png 1024w, https:\/\/adapciak.paneuropa.com.pl\/wp-content\/uploads\/2024\/07\/Projekt-bez-nazwy-10-1-300x155.png 300w, https:\/\/adapciak.paneuropa.com.pl\/wp-content\/uploads\/2024\/07\/Projekt-bez-nazwy-10-1-768x398.png 768w, https:\/\/adapciak.paneuropa.com.pl\/wp-content\/uploads\/2024\/07\/Projekt-bez-nazwy-10-1.png 1080w\" sizes=\"(max-width: 1024px) 100vw, 1024px\" \/>\t\t\t\t\t\t\t\t\t\t\t\t\t\t\t<\/div>\n\t\t\t\t<\/div>\n\t\t\t\t<\/div>\n\t\t\t\t<\/div>\n\t\t","protected":false},"excerpt":{"rendered":"<p>Dlaczego warto? Wyprawa Adapciak to wyj\u0105tkowa przygoda, kt\u00f3ra oferuje znacznie wi\u0119cej ni\u017c tylko rozrywk\u0119. Oto dlaczego warto wzi\u0105\u0107 w niej [&hellip;]<\/p>\n","protected":false},"author":1,"featured_media":0,"parent":0,"menu_order":0,"comment_status":"closed","ping_status":"closed","template":"","meta":{"site-sidebar-layout":"no-sidebar","site-content-layout":"","ast-site-content-layout":"full-width-container","site-content-style":"default","site-sidebar-style":"default","ast-global-header-display":"","ast-banner-title-visibility":"","ast-main-header-display":"","ast-hfb-above-header-display":"","ast-hfb-below-header-display":"","ast-hfb-mobile-header-display":"","site-post-title":"disabled","ast-breadcrumbs-content":"","ast-featured-img":"disabled","footer-sml-layout":"","theme-transparent-header-meta":"","adv-header-id-meta":"","stick-header-meta":"","header-above-stick-meta":"","header-main-stick-meta":"","header-below-stick-meta":"","astra-migrate-meta-layouts":"default","ast-page-background-enabled":"default","ast-page-background-meta":{"desktop":{"background-color":"var(--ast-global-color-4)","background-image":"","background-repeat":"repeat","background-position":"center center","background-size":"auto","background-attachment":"scroll","background-type":"","background-media":"","overlay-type":"","overlay-color":"","overlay-opacity":"","overlay-gradient":""},"tablet":{"background-color":"","background-image":"","background-repeat":"repeat","background-position":"center center","background-size":"auto","background-attachment":"scroll","background-type":"","background-media":"","overlay-type":"","overlay-color":"","overlay-opacity":"","overlay-gradient":""},"mobile":{"background-color":"","background-image":"","background-repeat":"repeat","background-position":"center center","background-size":"auto","background-attachment":"scroll","background-type":"","background-media":"","overlay-type":"","overlay-color":"","overlay-opacity":"","overlay-gradient":""}},"ast-content-background-meta":{"desktop":{"background-color":"var(--ast-global-color-5)","background-image":"","background-repeat":"repeat","background-position":"center center","background-size":"auto","background-attachment":"scroll","background-type":"","background-media":"","overlay-type":"","overlay-color":"","overlay-opacity":"","overlay-gradient":""},"tablet":{"background-color":"var(--ast-global-color-5)","background-image":"","background-repeat":"repeat","background-position":"center center","background-size":"auto","background-attachment":"scroll","background-type":"","background-media":"","overlay-type":"","overlay-color":"","overlay-opacity":"","overlay-gradient":""},"mobile":{"background-color":"var(--ast-global-color-5)","background-image":"","background-repeat":"repeat","background-position":"center center","background-size":"auto","background-attachment":"scroll","background-type":"","background-media":"","overlay-type":"","overlay-color":"","overlay-opacity":"","overlay-gradient":""}},"footnotes":""},"class_list":["post-74","page","type-page","status-publish","hentry"],"_links":{"self":[{"href":"https:\/\/adapciak.paneuropa.com.pl\/index.php?rest_route=\/wp\/v2\/pages\/74","targetHints":{"allow":["GET"]}}],"collection":[{"href":"https:\/\/adapciak.paneuropa.com.pl\/index.php?rest_route=\/wp\/v2\/pages"}],"about":[{"href":"https:\/\/adapciak.paneuropa.com.pl\/index.php?rest_route=\/wp\/v2\/types\/page"}],"author":[{"embeddable":true,"href":"https:\/\/adapciak.paneuropa.com.pl\/index.php?rest_route=\/wp\/v2\/users\/1"}],"replies":[{"embeddable":true,"href":"https:\/\/adapciak.paneuropa.com.pl\/index.php?rest_route=%2Fwp%2Fv2%2Fcomments&post=74"}],"version-history":[{"count":31,"href":"https:\/\/adapciak.paneuropa.com.pl\/index.php?rest_route=\/wp\/v2\/pages\/74\/revisions"}],"predecessor-version":[{"id":785,"href":"https:\/\/adapciak.paneuropa.com.pl\/index.php?rest_route=\/wp\/v2\/pages\/74\/revisions\/785"}],"wp:attachment":[{"href":"https:\/\/adapciak.paneuropa.com.pl\/index.php?rest_route=%2Fwp%2Fv2%2Fmedia&parent=74"}],"curies":[{"name":"wp","href":"https:\/\/api.w.org\/{rel}","templated":true}]}}